b = -3*b + 3*z - 4. Suppose -35 = -b*j - 0. What are the prime factors of j?
7
Suppose c = -4*c + 145. What are the prime factors of c?
29
Suppose 4*y = 8*y + 140. Let v be 60/14 - (-10)/y. Let u = 0 + v. What are the prime factors of u?
2
Let h(x) = -x - 2. Let d be h(-2). Suppose -6 = -2*m - d. List the prime factors of m.
3
Let r(f) = 13*f**2 + 6*f + 16. What are the prime factors of r(-4)?
2, 5
Let i(r) = 5*r**3 - 2*r**2 - 5*r + 7. List the prime factors of i(2).
29
Let b(v) = -v**3 - 6*v**2 - 5*v + 4. Let q be b(-5). Let a(r) = -10*r - 3 + r**3 + 3 - 3*r**2 + 7*r. What are the prime factors of a(q)?
2
Suppose -2*j + 118 = -4*u, 2*u - 186 = -j - 3*j. Suppose 2*r - j = 27. What are the prime factors of r?
2, 19
Let n = -168 + 274. List the prime factors of n.
2, 53
Let z(g) = 3*g + 2. Let m be z(-5). Let b = -9 - m. List the prime factors of b.
2
Suppose 5*h - 809 = -3*d, 1090 = 4*d + h - 0*h. What are the prime factors of d?
3, 7, 13
Suppose -5*c + 5*o + 299 = 34, 4*c - 226 = -3*o. List the prime factors of c.
5, 11
Suppose 0 = 7*h - 2*h - 250. Suppose 4*z - h = -5*t, 5*t + 2*z = -z + 55. List the prime factors of t.
2, 7
Suppose -8 = 4*a + 4*n, 0 = 3*a + n + 11 - 3. Let j(b) = -12*b - 3. List the prime factors of j(a).
3, 11
What are the prime factors of ((-62)/(-8))/(5/20)?
31
Let v(n) = -n**2 + 14*n - 5. List the prime factors of v(10).
5, 7
Suppose 2*a = 4*h + 110, -h = a - 4*a + 20. Let x = h - -18. List the prime factors of x/(-2)*4/2.
11
Let l(x) be the second derivative of x**7/2520 - x**6/80 - x**5/15 + x**4/12 + 2*x. Let k(u) be the third derivative of l(u). List the prime factors of k(10).
2
Let n(c) = -c**3 - c**2 - c - 47. Let p be n(0). Let m = -26 - p. List the prime factors of m.
3, 7
Let r = 9 + 0. List the prime factors of 138/r + (-4)/(-6).
2
Let f be 4 + (-6)/(9/3). What are the prime factors of 8/f*(-7)/(-4)?
7
Let f be 3/(1/(-8)*-6). Let v = 6 - f. Suppose -6*k + v*k - 2*q + 18 = 0, 2*k + 2*q - 12 = 0. List the prime factors of k.
3
Suppose 5*k = -166 - 179. Let o = k - -100. List the prime factors of o.
31
Suppose -4*a - 173 = -4*r + r, 3*a + 168 = 3*r. What are the prime factors of r?
3, 17
Let t(h) = h + 25. Let z be t(0). Suppose -2*g - 3*g = -15. Suppose z = 5*i + s, -i + g*s = 3*i - 39. What are the prime factors of i?
2, 3
Suppose 0 = -2*g - 3*i + 2, -3*g - 3*i + 6 = 0. Suppose -5*a + g*h = -12, 3*a - 2*h = -0*h + 8. List the prime factors of a.
2
Let l = 8 + 49. What are the prime factors of l?
3, 19
Suppose -3*l + 3 = 3*o, 3*l + l + 8 = -o. List the prime factors of o.
2
Let t = 1 + 5. Suppose -t*d - 83 = -r - 4*d, -3*r + 5*d = -250. Suppose 0*b + r = 5*b. What are the prime factors of b?
17
Let k(p) = p**3 + 6*p**2 - 2*p - 3. Let z be k(-5). Let m(y) = y**3 - 7*y**2 + 13. Let d be m(6). Let b = z + d. What are the prime factors of b?
3
What are the prime factors of (-1420)/(-30) - (-4)/6?
2, 3
Let a(w) = w**3 + 4*w**2 + 4*w + 3. Let t be a(-2). Let u = t - 4. List the prime factors of (u + -9)*2/(-4).
5
Suppose 0 = 5*x - 5*g + 20, -x + g = 3*g - 11. Let m be (x + 2)*6/9. Suppose 45 = 3*z + m*z. What are the prime factors of z?
3
What are the prime factors of 4/(-3)*3/(-2)?
2
Suppose 0*g - 6 = -2*g. Suppose g*z - 4*w - 47 - 5 = 0, 12 = -3*w. List the prime factors of z.
2, 3
Let x(u) = -u**3 + u**2 + 2*u - 2. Let i be x(2). Let v be (-7 - i)*27/(-3). List the prime factors of -3 + v/(-3 + 6).
2, 3
What are the prime factors of 83 + 3/(7 - (-2 + 6))?
2, 3, 7
Let q(o) = o + 18. Let s(y) = -9*y - 45. Let n(a) = -5*a - 23. Let i(f) = -7*n(f) + 4*s(f). Let m(t) = 5*i(t) + 6*q(t). What are the prime factors of m(-6)?
7
What are the prime factors of ((-7)/(-2))/(6/36)?
3, 7
Let w be ((-8)/6)/(2/6). What are the prime factors of (2*-68)/w - -1?
5, 7
Let k(u) be the first derivative of -u**4/4 + u**3 + u**2 + u - 2. Let p be k(3). Let l = p - 0. What are the prime factors of l?
7
Suppose g - 5*j - 340 = 0, 3*j = -3*g + 1109 - 89. List the prime factors of g.
2, 5, 17
Let d(v) = -v**3 + 5*v**2 - v + 7. What are the prime factors of d(5)?
2
Let h = -76 + 158. What are the prime factors of h?
2, 41
Suppose -n - 8 = j, -2 + 14 = 3*j. Let k = n - -23. What are the prime factors of k?
11
Suppose 0 = -11*t + 6*t + 220. List the prime factors of t.
2, 11
Let u be ((-10 - -1)/3)/1. What are the prime factors of (u/6 + 2)*4?
2, 3
Let k(w) = 5*w + 9. What are the prime factors of k(13)?
2, 37
Let b(k) = -k + 1. Let y(h) = h + 2. Let n be y(5). Let i be b(n). Let a = i + 12. List the prime factors of a.
2, 3
Let z be (3/6)/((-1)/12). Let i = z - -13. Let f = i + -5. What are the prime factors of f?
2
Let j(r) = 12*r**3 - r**2 - r + 1. Let c(l) = 1 - 4*l**2 + 0*l**3 - l**3 - 2*l**2 - 5*l. Let b be c(-5). List the prime factors of j(b).
11
Suppose 0*o + 5*o = -4*j - 17, -3*j = 2*o + 4. List the prime factors of -10*(-1)/4*j.
5
Let v(f) = f + 1. Let t be v(1). Suppose -3*k = 4*m - 14, 5*k - 18 = -2*m - t*m. Suppose -m*g - 7*h + 18 = -3*h, -2*g + h = -18. List the prime factors of g.
3
Suppose -2*h + 5*h - 15 = 0. Let i = 13 - h. List the prime factors of i.
2
Suppose -n = 2*q - 7*q + 1257, -246 = -q + 2*n. List the prime factors of q.
2, 3, 7
Suppose -4*t - 2*i + 10 = -88, 4*t - 2*i - 110 = 0. List the prime factors of t.
2, 13
List the prime factors of 93 - 3/(3 - 6).
2, 47
Let t(h) = -40*h. List the prime factors of t(-2).
2, 5
Suppose 2*h - 3*q - 8 = 17, -h = 2*q - 30. Let n be (-1 - (1 + -2)) + h. Suppose 4*i = n + 12. List the prime factors of i.
2
Let d(p) = 12*p - 1. Let n be d(4). Let l be n/(2 + -1) + -2. Suppose -4*b = -l - 11. What are the prime factors of b?
2, 7
Let h = 3 + 26. List the prime factors of h.
29
Let x = 69 - 40. List the prime factors of x.
29
List the prime factors of 14/(-7) + 47 + -1.
2, 11
What are the prime factors of (53/(-2))/(1/(-2))?
53
Let m(v) = -2*v - 11. Let y = 0 + -3. Let c = -12 - y. List the prime factors of m(c).
7
Let a(f) = f**3 + 6*f**2 + 3*f + 10. What are the prime factors of a(-4)?
2, 3, 5
Let j(a) = a - 5. Let z be j(8). Suppose -8 = -5*t - 3*w - 21, 2*w = z*t + 4. Let v = t + 11. What are the prime factors of v?
3
Suppose -3*z + 5*k = 4*k + 31, 2*z - 4*k + 24 = 0. Let h = -32 - z. What are the prime factors of (-216)/h + 8/44?
2, 5
Suppose 0 = -5*y + 5*a + 5, -4*a = -2*y - 0*a - 4. Let l = y - -3. What are the prime factors of l?
7
Suppose 90 = 5*a + f, 3*a = -f - 2 + 58. Let p = a - -25. What are the prime factors of p?
2, 3, 7
Let g(b) = -b**2 + 30*b - 57. What are the prime factors of g(16)?
167
Let x = -21 + 35. Let q(u) = u + 6. Let h be q(-3). Suppose t + x = h*t. What are the prime factors of t?
7
List the prime factors of -60*(6/9 - 1).
2, 5
Let j = 3 + -1. Let a(s) = -7*s + 3 - 3*s**2 + 3*s**j - s**2. What are the prime factors of a(-7)?
3
Suppose 4*s + 15 = 155. List the prime factors of s.
5, 7
Suppose 0 = -5*w + 2*q + q + 78, -5*w = -q - 86. Suppose -5*n - w - 37 = 0. List the prime factors of -2*n/2 - 0.
11
Let i(s) = s**3 + 5*s**2 - s - 3. Suppose 4*g = -5*f - 23, -2*f = -0*f - 3*g. List the prime factors of i(f).
2, 3
Let j be ((-10)/15)/((-2)/120). Suppose -3*y + j = y. Suppose 0 = -3*x + 8*x - y. List the prime factors of x.
2
Suppose -2*n - 2*n + 144 = 0. List the prime factors of n.
2, 3
Let b(n) = 2*n**3 + n. Let h be b(1). Let r = 10 - 10. Suppose -h*f - f + 48 = r. List the prime factors of f.
2, 3
Suppose -2*g - 2*g = 12. Let a = -6 - g. What are the prime factors of 3/(-4)*a*4?
3
Suppose -4*h + 5*j - 17 - 3 = 0, 2*h + 4*j = 16. Suppose h = -9*w + 4*w + 10. List the prime factors of (w - 1)/(3/21).
7
Let v(l) be the first derivative of -l**4/4 - 5*l**3/3 + 3*l**2/2 + l - 2. Suppose 3*t = -2*t + 2*x - 26, 5*t = 5*x - 20. List the prime factors of v(t).
19
Suppose -2*c - o - 5 + 2 = 0, 19 = 4*c - 3*o. Let m(t) = 5*t. List the prime factors of m(c).
5
Let g(r) = 2*r**2 + r + 1. What are the prime factors of g(-5)?
2, 23
Suppose -66 = -2*u - u. List the prime factors of u.
2, 11
Let a = 3 - -3. Suppose 2*y + 28 = a*y. What are the prime factors of -2*1 + y + 0?
5
Let y be 126/(-12) - (-1)/(-2). Let b = y + 7. List the prime factors of (b/6)/2*-6.
2
Let r = 56 - 32. List the prime factors of r.
2, 3
Suppose 0 = -f - f. Let y(r) = -r**3 + 4*r**2 - r - 1. Let 